 digit of 525?
5
What is the hundreds digit of 45264?
2
What is the hundreds digit of 3016?
0
What is the units digit of 42712?
2
What is the tens digit of 3313?
1
What is the units digit of 3067?
7
What is the hundreds digit of 85971?
9
What is the units digit of 518?
8
What is the hundreds digit of 3801?
8
What is the units digit of 41502?
2
What is the units digit of 9450?
0
What is the tens digit of 179?
7
What is the thousands digit of 4319?
4
What is the ten thousands digit of 45395?
4
What is the thousands digit of 10576?
0
What is the units digit of 1216?
6
What is the hundreds digit of 918?
9
What is the units digit of 90751?
1
What is the tens digit of 1886?
8
What is the units digit of 7980?
0
What is the units digit of 445?
5
What is the tens digit of 7086?
8
What is the units digit of 1052?
2
What is the hundreds digit of 10573?
5
What is the thousands digit of 13560?
3
What is the tens digit of 5277?
7
What is the tens digit of 2828?
2
What is the tens digit of 75778?
7
What is the hundreds digit of 106840?
8
What is the hundreds digit of 106625?
6
What is the ten thousands digit of 12428?
1
What is the tens digit of 2758?
5
What is the hundreds digit of 8516?
5
What is the units digit of 405?
5
What is the units digit of 5019?
9
What is the tens digit of 5514?
1
What is the tens digit of 1341?
4
What is the ten thousands digit of 89459?
8
What is the hundred thousands digit of 178982?
1
What is the tens digit of 7311?
1
What is the thousands digit of 4231?
4
What is the hundreds digit of 3180?
1
What is the tens digit of 1809?
0
What is the units digit of 8643?
3
What is the units digit of 1188?
8
What is the hundreds digit of 13423?
4
What is the hundreds digit of 145612?
6
What is the thousands digit of 6598?
6
What is the tens digit of 2184?
8
What is the ten thousands digit of 59997?
5
What is the tens digit of 685?
8
What is the units digit of 22582?
2
What is the thousands digit of 31961?
1
What is the thousands digit of 2677?
2
What is the thousands digit of 2438?
2
What is the ten thousands digit of 63807?
6
What is the ten thousands digit of 107084?
0
What is the hundreds digit of 8266?
2
What is the thousands digit of 9032?
9
What is the hundreds digit of 54401?
4
What is the thousands digit of 28456?
8
What is the units digit of 555?
5
What is the hundreds digit of 6955?
9
What is the hundred thousands digit of 120195?
1
What is the tens digit of 65018?
1
What is the units digit of 71948?
8
What is the tens digit of 14852?
5
What is the ten thousands digit of 79652?
7
What is the tens digit of 28676?
7
What is the hundreds digit of 10902?
9
What is the tens digit of 127?
2
What is the tens digit of 1365?
6
What is the hundreds digit of 31112?
1
What is the units digit of 9879?
9
What is the units digit of 75446?
6
What is the thousands digit of 36839?
6
What is the units digit of 52760?
0
What is the units digit of 6146?
6
What is the tens digit of 40275?
7
What is the units digit of 977?
7
What is the hundreds digit of 68786?
7
What is the units digit of 200?
0
What is the hundreds digit of 49151?
1
What is the units digit of 1192?
2
What is the units digit of 834?
4
What is the hundreds digit of 104388?
3
What is the tens digit of 2665?
6
What is the hundreds digit of 171?
1
What is the tens digit of 4892?
9
What is the thousands digit of 1559?
1
What is the hundreds digit of 297?
2
What is the tens digit of 2231?
3
What is the units digit of 1177?
7
What is the units digit of 39667?
7
What is the units digit of 14063?
3
What is the tens digit of 1331?
3
What is the hundreds digit of 254?
2
What is the thousands digit of 1558?
1
What is the hundreds digit of 3045?
0
What is the tens digit of 95?
9
What is the ten thousands digit of 151966?
5
What is the units digit of 1735?
5
What is the hundreds digit of 3580?
5
What is the tens digit of 646?
4
What is the tens digit of 90?
9
What is the ten thousands digit of 13564?
1
What is the units digit of 381?
1
What is the units digit of 12891?
1
What is the hundreds digit of 359?
3
What is the tens digit of 19629?
2
What is the tens digit of 23003?
0
What is the hundreds digit of 17805?
8
What is the units digit of 1132?
2
What is the hundreds digit of 9183?
1
What is the hundreds digit of 52143?
1
What is the units digit of 13839?
9
What is the units digit of 6234?
4
What is the thousands digit of 4593?
4
What is the tens digit of 16119?
1
What is the thousands digit of 31246?
1
What is the hundreds digit of 21394?
3
What is the thousands digit of 4959?
4
What is the hundreds digit of 6544?
5
What is the units digit of 8879?
9
What is the units digit of 8267?
7
What is the hundreds digit of 22540?
5
What is the hundreds digit of 13429?
4
What is the ten thousands digit of 49776?
4
What is the hundreds digit of 161?
1
What is the tens digit of 16741?
4
What is the tens digit of 859?
5
What is the tens digit of 44104?
0
What is the units digit of 231?
1
What is the ten thousands digit of 11072?
1
What is the units digit of 6169?
9
What is the hundreds digit of 27467?
4
What is the thousands digit of 16369?
6
What is the units digit of 1099?
9
What is the hundreds digit of 121739?
7
What is the units digit of 3257?
7
What is the thousands digit of 24689?
4
What is the units digit of 5449?
9
What is the thousands digit of 76777?
6
What is the hundreds digit of 25435?
4
What is the tens digit of 99047?
4
What is the units digit of 627?
7
What is the tens digit of 4559?
5
What is the hundreds digit of 3635?
6
What is the units digit of 75628?
8
What is the hundreds digit of 4445?
4
What is the tens digit of 4551?
5
What is the tens digit of 2234?
3
What is the tens digit of 9165?
6
What is the thousands digit of 11706?
1
What is the units digit of 3099?
9
What is the hundreds digit of 335?
3
What is the hundreds digit of 17973?
9
What is the thousands digit of 1768?
1
What is the units digit of 12647?
7
What is the thousands digit of 5478?
5
What is the thousands digit of 1652?
1
What is the units digit of 12247?
7
What is the thousands digit of 17834?
7
What is the units digit of 181?
1
What is the units digit of 152?
2
What is the hundreds digit of 14404?
4
What is the hundreds digit of 9647?
6
What is the units digit of 2535?
5
What is the ten thousands digit of 45291?
4
What is the tens digit of 94186?
8
What is the hundreds digit of 9004?
0
What is the ten thousands digit of 12459?
1
What is the tens digit of 5281?
8
What is the ten thousands digit of 119612?
1
What is the tens digit of 994?
9
What is the tens digit of 2712?
1
What is the tens digit of 489?
8
What is the units digit of 1795?
5
What is the tens digit of 80592?
9
What is the hundreds digit of 285?
2
What is the tens digit of 51731?
3
What is the tens digit of 2338?
3
What is the units digit of 1093?
3
What is the hundreds digit of 4709?
7
What is the thousands digit of 1767?
1
What is the hundreds digit of 56957?
9
What is the tens digit of 287?
8
What is the ten thousands digit of 13523?
1
What is the tens digit of 68964?
6
What is the tens digit of 962?
6
What is the units digit of 382?
2
What is the units digit of 12181?
1
What is the units digit of 15344?
4
What is the units digit of 338?
8
What is the thousands digit of 6094?
6
What is the thousands digit of 7524?
7
What is the units digit of 760?
0
What is the units digit of 3059?
9
What is the hundreds digit of 3109?
1
What is the tens digit of 514?
1
What is the units digit of 11706?
6
What is the ten thousands digit of 73799?
7
What is the hundreds digit of 10519?
5
What is the thousands digit of 20756?
0
What is the units digit of 301?
1
What is the tens digit of 2664?
6
What is the units digit of 33282?
2
What is the tens digit of 545?
4
What is the units digit of 3258?
8
What is the units digit of 46330?
0
What is the thousands digit of 3885?
3
What is the units digit of 1069?
9
What is the tens digit of 10512?
1
What is the ten thousands digit of 74815?
7
What is the thousands digit of 151329?
1
What is the ten thousands digit of 54396?
5
What is the tens digit of 3471?
7
What is the tens digit of 29079?
7
What is the hundreds digit of 29987?
9
What is the thousands digit of 7406?
7
What is the hundreds digit of 5731?
7
What is the thousand